{"id":602,"date":"2024-10-13T01:35:49","date_gmt":"2024-10-13T01:35:49","guid":{"rendered":"https:\/\/menuonline.com.co\/ElRanchoDeJulian\/?page_id=602"},"modified":"2026-02-16T20:04:39","modified_gmt":"2026-02-16T20:04:39","slug":"megalodon-2","status":"publish","type":"page","link":"https:\/\/menuonline.com.co\/ElRanchoDeJulian\/megalodon-2\/","title":{"rendered":""},"content":{"rendered":"\t\t<div data-elementor-type=\"wp-page\" data-elementor-id=\"602\" class=\"elementor elementor-602\">\n\t\t\t\t<div class=\"elementor-element elementor-element-073f8f2 e-flex e-con-boxed e-con e-parent\" data-id=\"073f8f2\" data-element_type=\"container\" data-e-type=\"container\">\n\t\t\t\t\t<div class=\"e-con-inner\">\n\t\t\t\t<div class=\"elementor-element elementor-element-bc6c72f elementor-invisible elementor-widget elementor-widget-image\" data-id=\"bc6c72f\" data-element_type=\"widget\" data-e-type=\"widget\" data-settings=\"{&quot;_animation&quot;:&quot;fadeInDown&quot;}\" data-widget_type=\"image.default\">\n\t\t\t\t<div class=\"elementor-widget-container\">\n\t\t\t\t\t\t\t\t\t\t\t\t\t\t\t<img fetchpriority=\"high\" decoding=\"async\" width=\"1640\" height=\"924\" src=\"https:\/\/menuonline.com.co\/ElRanchoDeJulian\/wp-content\/uploads\/2024\/10\/Copia-de-Copia-de-Copia-de-Copia-de-Copia-de-Copia-de-Delicious-Burger-Promotion-Facebook-Cover-8.png\" class=\"attachment-full size-full wp-image-605\" alt=\"\" srcset=\"https:\/\/menuonline.com.co\/ElRanchoDeJulian\/wp-content\/uploads\/2024\/10\/Copia-de-Copia-de-Copia-de-Copia-de-Copia-de-Copia-de-Delicious-Burger-Promotion-Facebook-Cover-8.png 1640w, https:\/\/menuonline.com.co\/ElRanchoDeJulian\/wp-content\/uploads\/2024\/10\/Copia-de-Copia-de-Copia-de-Copia-de-Copia-de-Copia-de-Delicious-Burger-Promotion-Facebook-Cover-8-500x282.png 500w, https:\/\/menuonline.com.co\/ElRanchoDeJulian\/wp-content\/uploads\/2024\/10\/Copia-de-Copia-de-Copia-de-Copia-de-Copia-de-Copia-de-Delicious-Burger-Promotion-Facebook-Cover-8-1200x675.png 1200w, https:\/\/menuonline.com.co\/ElRanchoDeJulian\/wp-content\/uploads\/2024\/10\/Copia-de-Copia-de-Copia-de-Copia-de-Copia-de-Copia-de-Delicious-Burger-Promotion-Facebook-Cover-8-300x169.png 300w, https:\/\/menuonline.com.co\/ElRanchoDeJulian\/wp-content\/uploads\/2024\/10\/Copia-de-Copia-de-Copia-de-Copia-de-Copia-de-Copia-de-Delicious-Burger-Promotion-Facebook-Cover-8-768x433.png 768w, https:\/\/menuonline.com.co\/ElRanchoDeJulian\/wp-content\/uploads\/2024\/10\/Copia-de-Copia-de-Copia-de-Copia-de-Copia-de-Copia-de-Delicious-Burger-Promotion-Facebook-Cover-8-1536x865.png 1536w, https:\/\/menuonline.com.co\/ElRanchoDeJulian\/wp-content\/uploads\/2024\/10\/Copia-de-Copia-de-Copia-de-Copia-de-Copia-de-Copia-de-Delicious-Burger-Promotion-Facebook-Cover-8-133x75.png 133w, https:\/\/menuonline.com.co\/ElRanchoDeJulian\/wp-content\/uploads\/2024\/10\/Copia-de-Copia-de-Copia-de-Copia-de-Copia-de-Copia-de-Delicious-Burger-Promotion-Facebook-Cover-8-537x303.png 537w\" sizes=\"(max-width:767px) 537px, (max-width:1640px) 100vw, 1640px\" \/>\t\t\t\t\t\t\t\t\t\t\t\t\t\t\t<\/div>\n\t\t\t\t<\/div>\n\t\t\t\t\t<\/div>\n\t\t\t\t<\/div>\n\t\t<div class=\"elementor-element elementor-element-9e4053c e-flex e-con-boxed e-con e-parent\" data-id=\"9e4053c\" data-element_type=\"container\" data-e-type=\"container\">\n\t\t\t\t\t<div class=\"e-con-inner\">\n\t\t\t\t<div class=\"elementor-element elementor-element-75f4566 elementor-invisible elementor-widget elementor-widget-text-editor\" data-id=\"75f4566\" data-element_type=\"widget\" data-e-type=\"widget\" data-settings=\"{&quot;_animation&quot;:&quot;fadeInLeft&quot;}\" data-widget_type=\"text-editor.default\">\n\t\t\t\t<div class=\"elementor-widget-container\">\n\t\t\t\t\t\t\t\t\t<h3 style=\"text-align: center;\">MEGALODON (EL REY DEL MAR)<\/h3><p style=\"text-align: center;\">Descubre el Megalod\u00f3n, nuestro plato insignia: un pescado entero fresco del dia, seleccionado especialmente para compartir. Disfruta de un banquete completo con patacones, ensalada fresca, sopa de pescado y arroz para todos. Un experiencia gastron\u00f3mica inolvidable, con precio variable seg\u00fan el peso y tipo de pescado.<\/p><p style=\"text-align: center;\"><span style=\"color: #ff6600;\"><strong><em>\u201cEl precio depende del tipo de pescado y del peso del mismo. Producto sujeto a disponibilidad. Se recomienda realizar reserva previa y coordinar con el mesero o al WhatsApp 321-733-8437.\u201d<\/em><\/strong><\/span><\/p>\t\t\t\t\t\t\t\t<\/div>\n\t\t\t\t<\/div>\n\t\t\t\t\t<\/div>\n\t\t\t\t<\/div>\n\t\t<div class=\"elementor-element elementor-element-520d3ad e-flex e-con-boxed e-con e-parent\" data-id=\"520d3ad\" data-element_type=\"container\" data-e-type=\"container\">\n\t\t\t\t\t<div class=\"e-con-inner\">\n\t\t\t\t<div class=\"elementor-element elementor-element-34b108f elementor-invisible elementor-widget elementor-widget-image\" data-id=\"34b108f\" data-element_type=\"widget\" data-e-type=\"widget\" data-settings=\"{&quot;_animation&quot;:&quot;fadeInDown&quot;}\" data-widget_type=\"image.default\">\n\t\t\t\t<div class=\"elementor-widget-container\">\n\t\t\t\t\t\t\t\t\t\t\t\t\t\t\t<img decoding=\"async\" width=\"1640\" height=\"924\" src=\"https:\/\/menuonline.com.co\/ElRanchoDeJulian\/wp-content\/uploads\/2025\/05\/01311031.png\" class=\"attachment-full size-full wp-image-813\" alt=\"\" srcset=\"https:\/\/menuonline.com.co\/ElRanchoDeJulian\/wp-content\/uploads\/2025\/05\/01311031.png 1640w, https:\/\/menuonline.com.co\/ElRanchoDeJulian\/wp-content\/uploads\/2025\/05\/01311031-500x282.png 500w, https:\/\/menuonline.com.co\/ElRanchoDeJulian\/wp-content\/uploads\/2025\/05\/01311031-1200x675.png 1200w, https:\/\/menuonline.com.co\/ElRanchoDeJulian\/wp-content\/uploads\/2025\/05\/01311031-300x169.png 300w, https:\/\/menuonline.com.co\/ElRanchoDeJulian\/wp-content\/uploads\/2025\/05\/01311031-768x433.png 768w, https:\/\/menuonline.com.co\/ElRanchoDeJulian\/wp-content\/uploads\/2025\/05\/01311031-1536x865.png 1536w, https:\/\/menuonline.com.co\/ElRanchoDeJulian\/wp-content\/uploads\/2025\/05\/01311031-133x75.png 133w, https:\/\/menuonline.com.co\/ElRanchoDeJulian\/wp-content\/uploads\/2025\/05\/01311031-537x303.png 537w\" sizes=\"(max-width:767px) 537px, (max-width:1640px) 100vw, 1640px\" \/>\t\t\t\t\t\t\t\t\t\t\t\t\t\t\t<\/div>\n\t\t\t\t<\/div>\n\t\t\t\t\t<\/div>\n\t\t\t\t<\/div>\n\t\t<div class=\"elementor-element elementor-element-0bf8cea e-flex e-con-boxed e-con e-parent\" data-id=\"0bf8cea\" data-element_type=\"container\" data-e-type=\"container\">\n\t\t\t\t\t<div class=\"e-con-inner\">\n\t\t\t\t<div class=\"elementor-element elementor-element-5ef730d elementor-invisible elementor-widget elementor-widget-text-editor\" data-id=\"5ef730d\" data-element_type=\"widget\" data-e-type=\"widget\" data-settings=\"{&quot;_animation&quot;:&quot;fadeInLeft&quot;}\" data-widget_type=\"text-editor.default\">\n\t\t\t\t<div class=\"elementor-widget-container\">\n\t\t\t\t\t\t\t\t\t<h3 style=\"text-align: center;\">LA PALA DEL ALBA\u00d1IL<\/h3><p style=\"text-align: center;\">Disfruta de nuestra Pala o Carretilla de Mar, un plato para compartir que re\u00fane lo mejor del mar: langosta, jaibas, mejillones, camarones, pescados fritos y m\u00e1s, acompa\u00f1ado de patacones, papas, mazorcas y salsas deliciosas. \u00a1Una experiencia gastron\u00f3mica inolvidable para compartir con amigos y familiares!<\/p><h2 class=\"themecolor\" style=\"text-align: center;\"><strong>$88.000 POR PERSONA<\/strong><\/h2><p style=\"text-align: center;\"><em><strong>\u00a0(m\u00ednimo 4 personas)\u00a0<\/strong><\/em><\/p><p style=\"text-align: center;\"><span style=\"color: #ff6600;\"><em><strong>\u201cProducto sujeto a disponibilidad. Se recomienda realizar reserva previa y coordinar con el mesero o al WhatsApp 321-733-8437.\u201d<\/strong><\/em><\/span><\/p><div><strong>\u00a0<\/strong><\/div>\t\t\t\t\t\t\t\t<\/div>\n\t\t\t\t<\/div>\n\t\t\t\t\t<\/div>\n\t\t\t\t<\/div>\n\t\t\t\t<\/div>\n\t\t","protected":false},"excerpt":{"rendered":"<p>MEGALODON (EL REY DEL MAR) Descubre el Megalod\u00f3n, nuestro plato insignia: un pescado entero fresco del dia, seleccionado especialmente para compartir. Disfruta de un banquete completo<span class=\"excerpt-hellip\"> [\u2026]<\/span><\/p>\n","protected":false},"author":1,"featured_media":478,"parent":0,"menu_order":0,"comment_status":"closed","ping_status":"closed","template":"elementor_header_footer","meta":{"footnotes":""},"class_list":["post-602","page","type-page","status-publish","has-post-thumbnail","hentry"],"_links":{"self":[{"href":"https:\/\/menuonline.com.co\/ElRanchoDeJulian\/wp-json\/wp\/v2\/pages\/602","targetHints":{"allow":["GET"]}}],"collection":[{"href":"https:\/\/menuonline.com.co\/ElRanchoDeJulian\/wp-json\/wp\/v2\/pages"}],"about":[{"href":"https:\/\/menuonline.com.co\/ElRanchoDeJulian\/wp-json\/wp\/v2\/types\/page"}],"author":[{"embeddable":true,"href":"https:\/\/menuonline.com.co\/ElRanchoDeJulian\/wp-json\/wp\/v2\/users\/1"}],"replies":[{"embeddable":true,"href":"https:\/\/menuonline.com.co\/ElRanchoDeJulian\/wp-json\/wp\/v2\/comments?post=602"}],"version-history":[{"count":33,"href":"https:\/\/menuonline.com.co\/ElRanchoDeJulian\/wp-json\/wp\/v2\/pages\/602\/revisions"}],"predecessor-version":[{"id":845,"href":"https:\/\/menuonline.com.co\/ElRanchoDeJulian\/wp-json\/wp\/v2\/pages\/602\/revisions\/845"}],"wp:featuredmedia":[{"embeddable":true,"href":"https:\/\/menuonline.com.co\/ElRanchoDeJulian\/wp-json\/wp\/v2\/media\/478"}],"wp:attachment":[{"href":"https:\/\/menuonline.com.co\/ElRanchoDeJulian\/wp-json\/wp\/v2\/media?parent=602"}],"curies":[{"name":"wp","href":"https:\/\/api.w.org\/{rel}","templated":true}]}}