{"id":145,"date":"2024-03-13T04:57:54","date_gmt":"2024-03-13T04:57:54","guid":{"rendered":"https:\/\/menuonline.com.co\/ElRanchoDeJulian\/?page_id=145"},"modified":"2026-02-16T20:28:04","modified_gmt":"2026-02-16T20:28:04","slug":"bandejas","status":"publish","type":"page","link":"https:\/\/menuonline.com.co\/ElRanchoDeJulian\/bandejas\/","title":{"rendered":""},"content":{"rendered":"\t\t<div data-elementor-type=\"wp-page\" data-elementor-id=\"145\" class=\"elementor elementor-145\">\n\t\t\t\t<div class=\"elementor-element elementor-element-a3943f6 e-flex e-con-boxed e-con e-parent\" data-id=\"a3943f6\" data-element_type=\"container\" data-e-type=\"container\">\n\t\t\t\t\t<div class=\"e-con-inner\">\n\t\t\t\t<div class=\"elementor-element elementor-element-2181e31 elementor-invisible elementor-widget elementor-widget-image\" data-id=\"2181e31\" data-element_type=\"widget\" data-e-type=\"widget\" data-settings=\"{&quot;_animation&quot;:&quot;fadeInDown&quot;}\" data-widget_type=\"image.default\">\n\t\t\t\t<div class=\"elementor-widget-container\">\n\t\t\t\t\t\t\t\t\t\t\t\t\t\t\t<img fetchpriority=\"high\" decoding=\"async\" width=\"1640\" height=\"924\" src=\"https:\/\/menuonline.com.co\/ElRanchoDeJulian\/wp-content\/uploads\/2024\/10\/Copia-de-Copia-de-Copia-de-Copia-de-Copia-de-Copia-de-Delicious-Burger-Promotion-Facebook-Cover.png\" class=\"attachment-full size-full wp-image-500\" alt=\"\" srcset=\"https:\/\/menuonline.com.co\/ElRanchoDeJulian\/wp-content\/uploads\/2024\/10\/Copia-de-Copia-de-Copia-de-Copia-de-Copia-de-Copia-de-Delicious-Burger-Promotion-Facebook-Cover.png 1640w, https:\/\/menuonline.com.co\/ElRanchoDeJulian\/wp-content\/uploads\/2024\/10\/Copia-de-Copia-de-Copia-de-Copia-de-Copia-de-Copia-de-Delicious-Burger-Promotion-Facebook-Cover-500x282.png 500w, https:\/\/menuonline.com.co\/ElRanchoDeJulian\/wp-content\/uploads\/2024\/10\/Copia-de-Copia-de-Copia-de-Copia-de-Copia-de-Copia-de-Delicious-Burger-Promotion-Facebook-Cover-1200x675.png 1200w, https:\/\/menuonline.com.co\/ElRanchoDeJulian\/wp-content\/uploads\/2024\/10\/Copia-de-Copia-de-Copia-de-Copia-de-Copia-de-Copia-de-Delicious-Burger-Promotion-Facebook-Cover-300x169.png 300w, https:\/\/menuonline.com.co\/ElRanchoDeJulian\/wp-content\/uploads\/2024\/10\/Copia-de-Copia-de-Copia-de-Copia-de-Copia-de-Copia-de-Delicious-Burger-Promotion-Facebook-Cover-768x433.png 768w, https:\/\/menuonline.com.co\/ElRanchoDeJulian\/wp-content\/uploads\/2024\/10\/Copia-de-Copia-de-Copia-de-Copia-de-Copia-de-Copia-de-Delicious-Burger-Promotion-Facebook-Cover-1536x865.png 1536w, https:\/\/menuonline.com.co\/ElRanchoDeJulian\/wp-content\/uploads\/2024\/10\/Copia-de-Copia-de-Copia-de-Copia-de-Copia-de-Copia-de-Delicious-Burger-Promotion-Facebook-Cover-133x75.png 133w, https:\/\/menuonline.com.co\/ElRanchoDeJulian\/wp-content\/uploads\/2024\/10\/Copia-de-Copia-de-Copia-de-Copia-de-Copia-de-Copia-de-Delicious-Burger-Promotion-Facebook-Cover-537x303.png 537w\" sizes=\"(max-width:767px) 537px, (max-width:1640px) 100vw, 1640px\" \/>\t\t\t\t\t\t\t\t\t\t\t\t\t\t\t<\/div>\n\t\t\t\t<\/div>\n\t\t\t\t\t<\/div>\n\t\t\t\t<\/div>\n\t\t<div class=\"elementor-element elementor-element-47aab96 e-flex e-con-boxed e-con e-parent\" data-id=\"47aab96\" data-element_type=\"container\" data-e-type=\"container\">\n\t\t\t\t\t<div class=\"e-con-inner\">\n\t\t\t\t<div class=\"elementor-element elementor-element-5799987 elementor-invisible elementor-widget elementor-widget-text-editor\" data-id=\"5799987\" data-element_type=\"widget\" data-e-type=\"widget\" data-settings=\"{&quot;_animation&quot;:&quot;bounceIn&quot;}\" data-widget_type=\"text-editor.default\">\n\t\t\t\t<div class=\"elementor-widget-container\">\n\t\t\t\t\t\t\t\t\t<h4 style=\"text-align: center;\"><strong>GRAMAJE EN NUESTRAS BANDEJAS <\/strong><\/h4><p style=\"text-align: center;\"><em><strong>Salvaje Entre 600-800 GR<\/strong><\/em><\/p><p style=\"text-align: center;\"><em><strong>Brutal Entre 800-1300 GR<\/strong><\/em><\/p><p style=\"text-align: center;\"><em><strong>Megalodon Mayor a\u00a01400 GR<\/strong><\/em><\/p><p style=\"text-align: center;\"><span style=\"color: #ffff00;\"><strong>SU VALOR DEPENDE DE PESO Y TIPO DE PESCADO<\/strong><\/span><\/p>\t\t\t\t\t\t\t\t<\/div>\n\t\t\t\t<\/div>\n\t\t\t\t\t<\/div>\n\t\t\t\t<\/div>\n\t\t<div class=\"elementor-element elementor-element-a433619 e-flex e-con-boxed e-con e-parent\" data-id=\"a433619\" data-element_type=\"container\" data-e-type=\"container\">\n\t\t\t\t\t<div class=\"e-con-inner\">\n\t\t\t\t<div class=\"elementor-element elementor-element-b89d2da elementor-widget elementor-widget-text-editor\" data-id=\"b89d2da\" data-element_type=\"widget\" data-e-type=\"widget\" data-widget_type=\"text-editor.default\">\n\t\t\t\t<div class=\"elementor-widget-container\">\n\t\t\t\t\t\t\t\t\t<p style=\"text-align: center;\"><span style=\"color: #ff9900;\"><strong><em>\u00ab\u00a1Un toque especial para tu bandeja!\nAgrega nuestro delicioso encocado cremoso a tu bandeja de pescado frito por solo $7.000 y convi\u00e9rtelo en un plato irresistible.<\/em><\/strong><\/span><\/p>\t\t\t\t\t\t\t\t<\/div>\n\t\t\t\t<\/div>\n\t\t\t\t\t<\/div>\n\t\t\t\t<\/div>\n\t\t<div class=\"elementor-element elementor-element-eb65f27 e-flex e-con-boxed e-con e-parent\" data-id=\"eb65f27\" data-element_type=\"container\" data-e-type=\"container\">\n\t\t\t\t\t<div class=\"e-con-inner\">\n\t\t\t\t<div class=\"elementor-element elementor-element-5bce0b7 elementor-invisible elementor-widget elementor-widget-text-editor\" data-id=\"5bce0b7\" data-element_type=\"widget\" data-e-type=\"widget\" data-settings=\"{&quot;_animation&quot;:&quot;fadeInLeft&quot;}\" data-widget_type=\"text-editor.default\">\n\t\t\t\t<div class=\"elementor-widget-container\">\n\t\t\t\t\t\t\t\t\t<h3 style=\"text-align: center;\">MOJARRA NEGRA SALVAJE<\/h3>\n<p style=\"text-align: center;\">Mojarra negra fresca (600-800 gr) Pescado fresco, ensalada, arroz de coco glaseado en miel encocada, patacones crujientes y sopa de pescado, una experiencia gastron\u00f3mica inolvidable,<\/p>\n\n<h2 class=\"themecolor\" style=\"text-align: center;\"><strong>$42.000<\/strong><\/h2>\t\t\t\t\t\t\t\t<\/div>\n\t\t\t\t<\/div>\n\t\t\t\t<div class=\"elementor-element elementor-element-d46a413 elementor-invisible elementor-widget elementor-widget-text-editor\" data-id=\"d46a413\" data-element_type=\"widget\" data-e-type=\"widget\" data-settings=\"{&quot;_animation&quot;:&quot;fadeInLeft&quot;}\" data-widget_type=\"text-editor.default\">\n\t\t\t\t<div class=\"elementor-widget-container\">\n\t\t\t\t\t\t\t\t\t<h3 style=\"text-align: center;\">MOJARRA NEGRA BRUTAL<\/h3>\n<p style=\"text-align: center;\">Mojarra negra fresca (800-1300 gr) Pescado fresco, ensalada, arroz de coco glaseado en miel encocada, patacones crujientes y sopa de pescado, una experiencia gastron\u00f3mica inolvidable.<\/p>\n\n<h2 class=\"themecolor\" style=\"text-align: center;\"><strong>$50.000<\/strong><\/h2>\t\t\t\t\t\t\t\t<\/div>\n\t\t\t\t<\/div>\n\t\t\t\t<div class=\"elementor-element elementor-element-5e84ce9 elementor-invisible elementor-widget elementor-widget-text-editor\" data-id=\"5e84ce9\" data-element_type=\"widget\" data-e-type=\"widget\" data-settings=\"{&quot;_animation&quot;:&quot;fadeInLeft&quot;}\" data-widget_type=\"text-editor.default\">\n\t\t\t\t<div class=\"elementor-widget-container\">\n\t\t\t\t\t\t\t\t\t<h3 style=\"text-align: center;\">MOJARRA ROJA SALVAJE<\/h3><p style=\"text-align: center;\">Mojarra roja fresca (600-800 gr) Pescado fresco, ensalada, arroz de coco glaseado en miel encocada, patacones crujientes y sopa de pescado, una experiencia gastron\u00f3mica inolvidable.<\/p><h2 class=\"themecolor\" style=\"text-align: center;\"><strong>$48.000<\/strong><\/h2>\t\t\t\t\t\t\t\t<\/div>\n\t\t\t\t<\/div>\n\t\t\t\t<div class=\"elementor-element elementor-element-77710b4 elementor-invisible elementor-widget elementor-widget-text-editor\" data-id=\"77710b4\" data-element_type=\"widget\" data-e-type=\"widget\" data-settings=\"{&quot;_animation&quot;:&quot;fadeInLeft&quot;}\" data-widget_type=\"text-editor.default\">\n\t\t\t\t<div class=\"elementor-widget-container\">\n\t\t\t\t\t\t\t\t\t<h3 style=\"text-align: center;\">MOJARRA ROJA BRUTAL<\/h3>\n<p style=\"text-align: center;\">Mojarra roja fresca (800-1300gr)Pescado fresco, ensalada, arroz de coco glaseado en miel encocada, patacones crujientes y sopa de pescado, una experiencia gastron\u00f3mica inolvidable.<\/p>\n\n<h2 class=\"themecolor\" style=\"text-align: center;\"><strong>$57.000<\/strong><\/h2>\t\t\t\t\t\t\t\t<\/div>\n\t\t\t\t<\/div>\n\t\t\t\t<div class=\"elementor-element elementor-element-ae7a3aa elementor-invisible elementor-widget elementor-widget-text-editor\" data-id=\"ae7a3aa\" data-element_type=\"widget\" data-e-type=\"widget\" data-settings=\"{&quot;_animation&quot;:&quot;fadeInLeft&quot;}\" data-widget_type=\"text-editor.default\">\n\t\t\t\t<div class=\"elementor-widget-container\">\n\t\t\t\t\t\t\t\t\t<h3 style=\"text-align: center;\">BOCACHICO SALVAJE<\/h3>\n<p style=\"text-align: center;\">Bocachico fresco (600-800 gr) Pescado fresco, ensalada, arroz de coco glaseado en miel encocada, patacones crujientes y sopa de pescado, una experiencia gastron\u00f3mica inolvidable..<\/p>\n\n<h2 class=\"themecolor\" style=\"text-align: center;\"><strong>$49.000<\/strong><\/h2>\t\t\t\t\t\t\t\t<\/div>\n\t\t\t\t<\/div>\n\t\t\t\t<div class=\"elementor-element elementor-element-1cbbe17 elementor-invisible elementor-widget elementor-widget-text-editor\" data-id=\"1cbbe17\" data-element_type=\"widget\" data-e-type=\"widget\" data-settings=\"{&quot;_animation&quot;:&quot;fadeInLeft&quot;}\" data-widget_type=\"text-editor.default\">\n\t\t\t\t<div class=\"elementor-widget-container\">\n\t\t\t\t\t\t\t\t\t<h3 style=\"text-align: center;\">BOCACHICO BRUTAL<\/h3>\n<p style=\"text-align: center;\">Bocachico fresco (800-1300gr) Pescado fresco, ensalada, arroz de coco glaseado en miel encocada, patacones crujientes y sopa de pescado, una experiencia gastron\u00f3mica inolvidable.<\/p>\n\n<h2 class=\"themecolor\" style=\"text-align: center;\"><strong>$62.000<\/strong><\/h2>\t\t\t\t\t\t\t\t<\/div>\n\t\t\t\t<\/div>\n\t\t\t\t<div class=\"elementor-element elementor-element-8bb2565 elementor-invisible elementor-widget elementor-widget-text-editor\" data-id=\"8bb2565\" data-element_type=\"widget\" data-e-type=\"widget\" data-settings=\"{&quot;_animation&quot;:&quot;fadeInLeft&quot;}\" data-widget_type=\"text-editor.default\">\n\t\t\t\t<div class=\"elementor-widget-container\">\n\t\t\t\t\t\t\t\t\t<h3 style=\"text-align: center;\">BAGRE SALVAJE<\/h3>\n<p style=\"text-align: center;\">Pescado fresco, ensalada, arroz de coco glaseado en miel encocada, patacones crujientes y sopa de pescado, una experiencia gastron\u00f3mica inolvidable.<\/p>\n\n<h2 class=\"themecolor\" style=\"text-align: center;\"><strong>$54.000<\/strong><\/h2>\t\t\t\t\t\t\t\t<\/div>\n\t\t\t\t<\/div>\n\t\t\t\t<div class=\"elementor-element elementor-element-4995a59 elementor-invisible elementor-widget elementor-widget-text-editor\" data-id=\"4995a59\" data-element_type=\"widget\" data-e-type=\"widget\" data-settings=\"{&quot;_animation&quot;:&quot;fadeInLeft&quot;}\" data-widget_type=\"text-editor.default\">\n\t\t\t\t<div class=\"elementor-widget-container\">\n\t\t\t\t\t\t\t\t\t<h3 style=\"text-align: center;\">BAGRE BRUTAL<\/h3>\n<p style=\"text-align: center;\">Bagre fresco (800-1300gr) Pescado fresco, ensalada, arroz de coco glaseado en miel encocada, patacones crujientes y sopa de pescado, una experiencia gastron\u00f3mica inolvidable.<\/p>\n\n<h2 class=\"themecolor\" style=\"text-align: center;\"><strong>$69.000<\/strong><\/h2>\t\t\t\t\t\t\t\t<\/div>\n\t\t\t\t<\/div>\n\t\t\t\t<div class=\"elementor-element elementor-element-82311ce elementor-invisible elementor-widget elementor-widget-text-editor\" data-id=\"82311ce\" data-element_type=\"widget\" data-e-type=\"widget\" data-settings=\"{&quot;_animation&quot;:&quot;fadeInLeft&quot;}\" data-widget_type=\"text-editor.default\">\n\t\t\t\t<div class=\"elementor-widget-container\">\n\t\t\t\t\t\t\t\t\t<h3 style=\"text-align: center;\">SIERRA SALVAJE<\/h3>\n<p style=\"text-align: center;\">Sierra fresca (600-800 gr) Pescado fresco, ensalada, arroz de coco glaseado en miel encocada, patacones crujientes y sopa de pescado, una experiencia gastron\u00f3mica inolvidable.<\/p>\n\n<h2 class=\"themecolor\" style=\"text-align: center;\"><strong>$74.000<\/strong><\/h2>\t\t\t\t\t\t\t\t<\/div>\n\t\t\t\t<\/div>\n\t\t\t\t<div class=\"elementor-element elementor-element-17d7fff elementor-invisible elementor-widget elementor-widget-text-editor\" data-id=\"17d7fff\" data-element_type=\"widget\" data-e-type=\"widget\" data-settings=\"{&quot;_animation&quot;:&quot;fadeInLeft&quot;}\" data-widget_type=\"text-editor.default\">\n\t\t\t\t<div class=\"elementor-widget-container\">\n\t\t\t\t\t\t\t\t\t<h3 style=\"text-align: center;\">SIERRA BRUTAL<\/h3>\n<p style=\"text-align: center;\">Sierra fresca (800-1300gr) Pescado fresco, ensalada, arroz de coco glaseado en miel encocada, patacones crujientes y sopa de pescado, una experiencia gastron\u00f3mica inolvidable.<\/p>\n\n<h2 class=\"themecolor\" style=\"text-align: center;\"><strong>$86.000<\/strong><\/h2>\t\t\t\t\t\t\t\t<\/div>\n\t\t\t\t<\/div>\n\t\t\t\t<div class=\"elementor-element elementor-element-dd49358 elementor-invisible elementor-widget elementor-widget-text-editor\" data-id=\"dd49358\" data-element_type=\"widget\" data-e-type=\"widget\" data-settings=\"{&quot;_animation&quot;:&quot;fadeInLeft&quot;}\" data-widget_type=\"text-editor.default\">\n\t\t\t\t<div class=\"elementor-widget-container\">\n\t\t\t\t\t\t\t\t\t<h3 style=\"text-align: center;\">R\u00d3BALO SALVAJE<\/h3>\n<p style=\"text-align: center;\">R\u00f3balo fresco (600-800 gr) Pescado fresco, ensalada, arroz de coco glaseado en miel encocada, patacones crujientes y sopa de pescado, una experiencia gastron\u00f3mica inolvidable.<\/p>\n\n<h2 class=\"themecolor\" style=\"text-align: center;\"><strong>$74.000<\/strong><\/h2>\t\t\t\t\t\t\t\t<\/div>\n\t\t\t\t<\/div>\n\t\t\t\t<div class=\"elementor-element elementor-element-425d09f elementor-invisible elementor-widget elementor-widget-text-editor\" data-id=\"425d09f\" data-element_type=\"widget\" data-e-type=\"widget\" data-settings=\"{&quot;_animation&quot;:&quot;fadeInLeft&quot;}\" data-widget_type=\"text-editor.default\">\n\t\t\t\t<div class=\"elementor-widget-container\">\n\t\t\t\t\t\t\t\t\t<h3 style=\"text-align: center;\">R\u00d3BALO BRUTAL<\/h3>\n<p style=\"text-align: center;\">R\u00f3balo fresco (800-1300gr) Pescado fresco, ensalada, arroz de coco glaseado en miel encocada, patacones crujientes y sopa de pescado, una experiencia gastron\u00f3mica inolvidable.<\/p>\n\n<h2 class=\"themecolor\" style=\"text-align: center;\"><strong>$86.000<\/strong><\/h2>\t\t\t\t\t\t\t\t<\/div>\n\t\t\t\t<\/div>\n\t\t\t\t<div class=\"elementor-element elementor-element-a6e0929 elementor-invisible elementor-widget elementor-widget-text-editor\" data-id=\"a6e0929\" data-element_type=\"widget\" data-e-type=\"widget\" data-settings=\"{&quot;_animation&quot;:&quot;fadeInLeft&quot;}\" data-widget_type=\"text-editor.default\">\n\t\t\t\t<div class=\"elementor-widget-container\">\n\t\t\t\t\t\t\t\t\t<h3 style=\"text-align: center;\">PARGO SALVAJE<\/h3><p style=\"text-align: center;\">Pargo fresco (600-800 gr) Pescado fresco, ensalada, arroz de coco glaseado en miel encocada, patacones crujientes y sopa de pescado, una experiencia gastron\u00f3mica inolvidable.<\/p><h2 class=\"themecolor\" style=\"text-align: center;\"><strong>$95.000<\/strong><\/h2>\t\t\t\t\t\t\t\t<\/div>\n\t\t\t\t<\/div>\n\t\t\t\t<div class=\"elementor-element elementor-element-363087d elementor-invisible elementor-widget elementor-widget-text-editor\" data-id=\"363087d\" data-element_type=\"widget\" data-e-type=\"widget\" data-settings=\"{&quot;_animation&quot;:&quot;fadeInLeft&quot;}\" data-widget_type=\"text-editor.default\">\n\t\t\t\t<div class=\"elementor-widget-container\">\n\t\t\t\t\t\t\t\t\t<h3 style=\"text-align: center;\">PARGO BRUTAL<\/h3><p style=\"text-align: center;\">Pargo fresco (800-1300gr) Pescado fresco, ensalada, arroz de coco glaseado en miel encocada, patacones crujientes y sopa de pescado, una experiencia gastron\u00f3mica inolvidable.<\/p><h2 class=\"themecolor\" style=\"text-align: center;\"><strong>$135.000<\/strong><\/h2>\t\t\t\t\t\t\t\t<\/div>\n\t\t\t\t<\/div>\n\t\t\t\t\t<\/div>\n\t\t\t\t<\/div>\n\t\t<div class=\"elementor-element elementor-element-130fa4b e-flex e-con-boxed e-con e-parent\" data-id=\"130fa4b\" data-element_type=\"container\" data-e-type=\"container\">\n\t\t\t\t\t<div class=\"e-con-inner\">\n\t\t\t\t<div class=\"elementor-element elementor-element-290f7d2 elementor-widget elementor-widget-text-editor\" data-id=\"290f7d2\" data-element_type=\"widget\" data-e-type=\"widget\" data-widget_type=\"text-editor.default\">\n\t\t\t\t<div class=\"elementor-widget-container\">\n\t\t\t\t\t\t\t\t\t<p style=\"text-align: center;\"><span style=\"color: #ff9900;\"><strong><em>\u00abNuestros platos est\u00e1n sujetos a disponibilidad, ya que trabajamos con pescado fresco de la pesca del d\u00eda y piezas de tama\u00f1o excepcional que no siempre est\u00e1n disponibles en el mercado.\u00bb<\/em><\/strong><\/span><\/p>\t\t\t\t\t\t\t\t<\/div>\n\t\t\t\t<\/div>\n\t\t\t\t\t<\/div>\n\t\t\t\t<\/div>\n\t\t\t\t<\/div>\n\t\t","protected":false},"excerpt":{"rendered":"<p>GRAMAJE EN NUESTRAS BANDEJAS Salvaje Entre 600-800 GR Brutal Entre 800-1300 GR Megalodon Mayor a\u00a01400 GR SU VALOR DEPENDE DE PESO Y TIPO DE PESCADO \u00ab\u00a1Un<span class=\"excerpt-hellip\"> [\u2026]<\/span><\/p>\n","protected":false},"author":1,"featured_media":97,"parent":0,"menu_order":0,"comment_status":"closed","ping_status":"closed","template":"elementor_header_footer","meta":{"footnotes":""},"class_list":["post-145","page","type-page","status-publish","has-post-thumbnail","hentry"],"_links":{"self":[{"href":"https:\/\/menuonline.com.co\/ElRanchoDeJulian\/wp-json\/wp\/v2\/pages\/145","targetHints":{"allow":["GET"]}}],"collection":[{"href":"https:\/\/menuonline.com.co\/ElRanchoDeJulian\/wp-json\/wp\/v2\/pages"}],"about":[{"href":"https:\/\/menuonline.com.co\/ElRanchoDeJulian\/wp-json\/wp\/v2\/types\/page"}],"author":[{"embeddable":true,"href":"https:\/\/menuonline.com.co\/ElRanchoDeJulian\/wp-json\/wp\/v2\/users\/1"}],"replies":[{"embeddable":true,"href":"https:\/\/menuonline.com.co\/ElRanchoDeJulian\/wp-json\/wp\/v2\/comments?post=145"}],"version-history":[{"count":129,"href":"https:\/\/menuonline.com.co\/ElRanchoDeJulian\/wp-json\/wp\/v2\/pages\/145\/revisions"}],"predecessor-version":[{"id":855,"href":"https:\/\/menuonline.com.co\/ElRanchoDeJulian\/wp-json\/wp\/v2\/pages\/145\/revisions\/855"}],"wp:featuredmedia":[{"embeddable":true,"href":"https:\/\/menuonline.com.co\/ElRanchoDeJulian\/wp-json\/wp\/v2\/media\/97"}],"wp:attachment":[{"href":"https:\/\/menuonline.com.co\/ElRanchoDeJulian\/wp-json\/wp\/v2\/media?parent=145"}],"curies":[{"name":"wp","href":"https:\/\/api.w.org\/{rel}","templated":true}]}}